 - 0).
-5
Evaluate (9 - 3) + (-4 - 1).
1
What is the value of (36 - 27) + -2 + 0 + -2?
5
(1 - (3 + 1)) + 2 + 5
4
15 + -10 - (0 - -3)
2
What is -4 + (3 - 3) - -10?
6
Evaluate 0 - 4 - 0 - -2.
-2
3 - ((-11 - -17) + -7)
4
What is the value of -5 + 2 + (-2 - 3) + 8?
0
Calculate -3 + -4 + (3 - -8).
4
Evaluate 3 - (1 + -1) - 9.
-6
1 + 8 - (4 + 7)
-2
Evaluate (-4 + 7 - 5) + 4.
2
What is 2 + 1 + -1 + 3?
5
What is 10 + 0 + 0 + (0 - 5)?
5
Evaluate -2 + -1 + 1 + -6 + 6.
-2
What is 6 + (7 - 6) - 8?
-1
What is 2 + (-2 - 2 - -1 - -6)?
5
Evaluate -5 + (3 - (-6 + 2 - -3)).
-1
(-4 - 1) + (29 - 20)
4
What is (-1 - (3 + -3) - 0) + -1?
-2
Calculate -4 - -2 - ((-7 - -7) + -4).
2
Calculate 5 + (-4 - -2) + -5 - 0.
-2
(-2 - (-4 - -1)) + -4
-3
Evaluate -4 + 0 + (14 - 9) + 0.
1
Evaluate 3 + 5 + -5 + 2.
5
Calculate 29 - 25 - (2 + 0 + 1).
1
What is the value of (-4 - -7) + 0 + (10 - 6)?
7
Calculate 0 + 2 - (-4 + 1 + 1).
4
Evaluate (-5 - -5) + (4 - 1) + -1.
2
1 - -4 - (3 + -1 - 0)
3
What is (0 + 5 - (5 + -3)) + -2?
1
Evaluate 82 - 72 - (-2 + 2).
10
-1 + (5 - (-1 - -4)) + 0
1
-1 + (1 - -4) + -2
2
(15 - (6 - 7)) + -9
7
Evaluate (32 - 31) + 1 + 3.
5
Evaluate -19 + 18 - (0 + (3 - -2)).
-6
5 - (-2 + 3 + -2 - -4)
2
Calculate -29 + 12 + 10 - (-4 - 0).
-3
Evaluate (1 - -1) + -7 - -2.
-3
What is the value of 11 - (-7 + (2 - -7))?
9
What is (2 - 7) + 8 + -1?
2
What is the value of -3 - (-4 + -4) - 1?
4
Calculate 6 + 1 + -15 + (1 - -2).
-5
2 - (-5 - -3 - -3)
1
What is 3 - (-4 - (-5 - -3 - 0))?
5
Evaluate 21 + (-14 - -2) + -5.
4
What is (4 - 4) + 4 + -9?
-5
Calculate -5 + (3 - (-15 + 5) - -3).
11
What is the value of 8 - 4 - (-1 + 6)?
-1
Evaluate 0 - -6 - (3 + 4).
-1
Evaluate 1 + 2 + -7 + 8 + -6.
-2
-6 + -4 + 5 - -7
2
Calculate (2 - -5) + (1 - 1).
7
What is the value of 8 - (-5 - -3) - (32 - 32)?
10
Calculate (1 + -1 - 1) + (2 - 2).
-1
0 + -6 - -7 - (-4 - 1)
6
Calculate (0 - (-2 + 6)) + (-16 - -11).
-9
Calculate (5 + -10 - (-8 + 5)) + 7.
5
What is (0 - 5) + 8 + 6?
9
Calculate 0 + 4 - (-11 - -16).
-1
Calculate -4 + 7 + 4 + -6 + -2.
-1
What is -3 - 4 - (7 - 10)?
-4
-9 + 4 + -3 + 3 - -3
-2
Evaluate -4 + 2 - (-2 - -6).
-6
What is 0 - (-4 + 3) - (8 - 2)?
-5
Calculate -2 + 2 + -3 + -1.
-4
What is -5 - -1 - (46 + -57)?
7
What is the value of -5 - ((4 - -1) + 12 + -19)?
-3
Calculate -91 - -96 - (1 - 0).
4
What is -3 - (-1 - 1 - -3)?
-4
-10 + 2 + -8 + 12 - -2
-2
What is the value of -12 + 16 - (-2 - -9)?
-3
Evaluate -1 - (0 + 5 + -6 + -3).
3
What is the value of 0 - (-15 + 20 + -3 + 2)?
-4
What is the value of -16 + -6 + 15 + 16?
9
Calculate 13 - 8 - (1 + -4 - -3).
5
What is the value of (4 - (2 + 7)) + 6?
1
Evaluate -25 + 24 + -4 + 2.
-3
What is 2 - -4 - (-6 + 8) - 3?
1
0 - (-2 - (-7 + -1 + 4))
-2
What is the value of -5 + (3 - (4 + 2) - 0)?
-8
What is the value of 9 + 0 - (14 + -29 - -18)?
6
What is 0 + (2 - 3 - (2 - 4))?
1
What is the value of 3 - (0 - 9) - 9?
3
Calculate 1 + -2 + -1 + 8.
6
1 - 2 - -3 - 5 - 1
-4
Evaluate (1 - -1) + (1 - 4).
-1
-1 + 4 - (12 - 6)
-3
3 - (3 + 3 + 0)
-3
Evaluate 4 + (-3 - (4 + -7)) + 1.
5
Evaluate -4 - (0 + -5 + 8).
-7
What is the value of -9 + -4 + 1 + 8?
-4
Evaluate 2 + -2 + -3 + 3.
0
7 + -9 + 5 - 6
-3
2 + (-3 - 1) + -1 + -1
-4
Evaluate -6 + 2 + (5 - 6) + 2.
-3
3 + -8 + -2 - (-5 - -1)
-3
What is -4 + 3 + (2 - -2) - 3?
0
Calculate (110 - 106) + -4 + 1.
1
Calculate -7 + 0 + (-4 - -2 - -3).
-6
What is the value of 0 - 10 - -5 - -1 - -1?
-3
What is 4 + (-9 - -12) - 14?
-7
Evaluate 1 - (4 - -2) - -4 - 1.
-2
Evaluate (0 - 7) + 3 - -3.
-1
Evaluate -2 + (2 - (-7 + 6)).
1
Evaluate 0 + 3 + -2 + 0 + -1.
0
Calculate 2 + -5 - (3 + -5).
-1
Calculate -6 + (-1 - -6) - (-1 - -5).
-5
What is 4 - (3 + -6 + -1 - -4)?
4
What is the value of 0 - 11 - (51 - 64)?
2
What is the value of -4 + 5 + -6 - -8?
3
Calculate -6 - (10 + 6 + -21).
-1
What is (-5 + 0 - 2) + (-1 - -7)?
-1
-4 - ((3 - 3) + 1)
-5
What is -3 + 11 + (3 - 6)?
5
Evaluate (-9 - -10) + (2 - 0).
3
What is the value of -5 + 2 + 0 + 4?
1
Evaluate 2 + -1 + -6 - -2 - -3.
0
Calculate -17 + (17 + -7 + 5 - 8).
-10
What is 16 - 8 - 2 - 9?
-3
Calculate -1 - (-5 + 1 + 5) - -6.
4
Calculate 2 + (1 - 5) - -5 - 7.
-4
What is the value of -4 + 1 - (2 - (2 + 1))?
-2
What is -8 + 2 + 7 - (10 + 0)?
-9
Calculate -3 + 17 + -17 + 2 + -2.
-3
Evaluate (25 - 6) + -4 + -3 + -4.
8
What is 3 + (-4 - 0 - 4)?
-5
Evaluate -11 - -19 - 6 - (1 + 1).
0
Evaluate -3 + (22 - (-1 + 10)).
10
-1 - (4 + -5 + 4 + 0)
-4
4 - 4 - 8 - -13
5
Evaluate 2 + (-2 - (1 - 2)) - -3.
4
Evaluate -7 + 9 + -14 + 10 + -1.
-3
Evaluate -3 - 3 - (7 - 16 - 0).
3
What is -13 - (-5 - (-7 + 6 + 1))?
-8
Evaluate -3 - -2 - (6 + -6 + -2).
1
1 + 5 + (5 - 4) + -1
6
Calculate -5 + -5 + 8 + -2 - -4.
0
What is the value of (1 - (0 - -2)) + 2?
1
What is the value of ((-1 - -8) + -5 - -2) + -9?
-5
What is the value of -7 - 0 - (-82 - -77)?
-2
What is 0 + (-3 - 3 - -2)?
-4
Evaluate -1 + -2 - 0 - 0.
-3
Evaluate (-2 - 0 - -5) + -3.
0
Evaluate 2 - ((-4 - -4 - -7) + 0).
-5
What is (-1 - (-3 + 4)) + 0 + 3?
1
What is the value of -10 + (-4 - -9) - -6?
1
What is (16 + -19 - (-2 + -5)) + 0?
4
Calculate -3 + (-5 - (0 - (-2 - -5))).
-5
What is the value of 2 - (0 - (4 + -10))?
-4
Calculate -5 - (5 + (-5 - 0)).
-5
What is the value of (3 - 0) + (1 + -9 - 0)?
-5
Calculate 3 + 1 + -2 + -5.
-3
2 + (10 + -3 - 9)
0
Evaluate 2 + -2 + -1 + 0.
-1
Calculate 1 + (-21 - -12) + 12.
4
(-1 - -3) + (-7 + 18 - 7)
6
What is 4 + 3 + -5 + 0?
2
What is the value of -8 - (-15 + (14 - 2))?
-5
What is the value of -21 + 25 - ((-2 - -4) + -3)?
5
Calculate 11 - -4 - 13 - (-2 - 1).
5
Evaluate 2 + -8 + 3 + (0 - 1).
-4
Evaluate (1 - -10) + (58 - 62).
7
What is the value of 2 - (-10 + 10 + -3)?
5
Calculate 3 + 0 + 3 + -6.
0
(11 - (-11 - -9)) + -5
8
What is 5 - 3 - -3 - (-4 + 7)?
2
What is the value of -5 + (-12 - -5) + 7?
-5
Calculate (-1 - (-4 - -7)) + 5.
1
What is the value of 2 + -6 + 12 + 3 - 6?
5
Evaluate -4 - (3 - (2 + 3)).
-2
Evaluate (0 - -3 - (0 + 1)) + -1.
1
Calculate -6 + (14 + 0 - 6).
2
What is the value of 7 - 1 - (-15 - -28)?
-7
What is (-2 - 1 - -2) + 7 + -4?
2
Calculate 7 + -7 - 2 - -2.
0
What is the value of 5 - (16 + (-6 - 4))?
-1
What is (3 - (-9 + 17)) + (1 - -5)?
1
What is (2 - 0 - -1) + (-4 - 2)?
-3
What is (2 - -1) + -1 - -2?
4
Evaluate 2 + -4 + -2 - -4.
0
Calculate (-7 - -1 - -4) + 1.
-1
Calculate (4 + (-7 - -2) - -6) + -8.
-3
Calculate 3 - 2 - 7 - -4.
-2
(2 - (-2 - -6)) + (2 - 4)
-4
What is the value of (25 - (-9 + 19)) + -14?
1
-4 + (0 - -8) - 6
-2
What is the value of 2 - (-3 - -4 - 2)?
3
What is the value of (-12 - -17) + 0 + -1 + -5?
-1
5 + (-7 + (4 - -5) - 5)
2
What is the value of -3 - -5 - 0 - 3?
-1
-9 + (1 + 3 - -5) + -3
-3
0 + 8 + (-4 - (22 - 19))
1
What is 0 + 0 - (-1 - 2 - -2)?
1
Calculate (-11 - -10) + (3 - 2).
0
-5 - (-4 - (0 - (-2 - -5)))
-4
1 - -1 - (-55 + 54) - -2
5
Calculate (0 - 9) + 19 + -10 + -5.
-5
What is the value of 3 - (-5 - (-6 - 0))?
2
Evaluate 4 + (-13 - -7) - -4.
2
What is (-8 - -9) + -1 + 1?
1
What is the value of -5 + (10 - 1) - (0 - -5)?
-1
3 + 1 - (-16 + 21 + -6)
5
Calculate (24 - 11) + -15 + 4.
2
What is (-4 - 4) + -1 + 6?
-3
-13 + 16 + -1 + 1 + 0
3
-6 + 0 + 1 + 2 + 1
-2
-2 - -2 - 9 - -3
-6
Evaluate 0 + -3 + (-4 - (-6 - 5)).
4
Evaluate -8 + (-14 - -9) + 10.
-3
Calculate 5 + (0 - (11 - 5)).
-1
What is 0 + (2 - 8) + 13?
7
Calculate 10 - (10 - (-2 - -8)) - 16.
-10
Calculate 3 - (2 + 1 + 1 + -5).
4
1 + (0 - (1 + -3)) + -3
0
7 + 2 + (-7 - 8)
-6
What is the value of -8 - -1 - (221 - 219)?
-9
Calculate 24 + -48 + 9 + 6.
-9
What is the value of -14 + 18 - (4 + -5)?
5
Calculate 1 + 8 + 84 + -88.
5
What is the value of 5 + (3 + -5 - 3)?
0
Calculate 3 + -3 - (5 - 2).
-3
Evaluate -8 + (0 - -8) + -6.
-6
What is the value of -36 + 38 - (1 + -3)?
4
What is -5 + (5 + 1 - 1)?
0
Evaluate (-7 - (-2 - 1)) + (0 - 1).
-5
(-3 - (-1 + -8)) + (1 - 4)
3
1 + -5 + 14 + (1 - 3)
8
What is (1 - -2) + (-12 + 2 - -15)?
8
What is 49 + -37 - (1 - -4)?
7
Calculate -5 - (-8 - (-8 - 0)).
-5
Evaluate -3 + -3 + 15 - 5.
4
What is (3 - (-1 - 0)) + 0?
4
Evaluate (13 - 12) + (-6 - 2).
-7
4 - (6 + -7) - 8 - 5
-8
What is 6 + -13 + 9 + -1?
1
What is the value of (-5 - (-1 + -2)) + 3 - 1?
0
Evaluate 6 + 10 - 3 - 6 - -2.
9
What is the value of -2 + (0 + 0 + 2 - 1)?
-1
What is the value of 2 + 0 + -2 + 2 + 1?
3
What is the v